remainder when 32285097 is divided by 394.
343
Calculate the remainder when 4553184 is divided by 22.
20
What is the remainder when 2833894 is divided by 10986?
10492
What is the remainder when 33848719 is divided by 1301873?
21
What is the remainder when 180901 is divided by 60298?
7
Calculate the remainder when 187916965 is divided by 62638985.
10
What is the remainder when 2604767 is divided by 1?
0
Calculate the remainder when 1328360 is divided by 166044.
8
What is the remainder when 61808446 is divided by 5641?
9
Calculate the remainder when 380574 is divided by 128.
30
What is the remainder when 204937 is divided by 2156?
117
What is the remainder when 4424178 is divided by 297?
66
Calculate the remainder when 84404064 is divided by 98.
94
What is the remainder when 132278 is divided by 33023?
186
What is the remainder when 5348729 is divided by 486247?
12
What is the remainder when 1616541 is divided by 3514?
101
Calculate the remainder when 669545 is divided by 222315.
2600
What is the remainder when 60691319 is divided by 38?
37
What is the remainder when 187144740 is divided by 6626?
6622
What is the remainder when 23179103 is divided by 12?
11
What is the remainder when 17733546 is divided by 1609?
757
What is the remainder when 6919195 is divided by 300?
295
What is the remainder when 1165142 is divided by 797?
725
What is the remainder when 485087 is divided by 62?
61
Calculate the remainder when 1879664 is divided by 1409.
58
Calculate the remainder when 12950955 is divided by 449.
448
What is the remainder when 362831211 is divided by 5335753?
7
Calculate the remainder when 1040889 is divided by 260211.
45
Calculate the remainder when 685642 is divided by 338.
178
What is the remainder when 5502045 is divided by 24?
21
What is the remainder when 979224 is divided by 326395?
39
What is the remainder when 33617011 is divided by 44?
43
What is the remainder when 8872223 is divided by 194?
21
What is the remainder when 415867 is divided by 345?
142
Calculate the remainder when 18346327 is divided by 22.
21
What is the remainder when 65140166 is divided by 1528?
1526
What is the remainder when 190825 is divided by 8273?
546
Calculate the remainder when 4133553 is divided by 229639.
51
Calculate the remainder when 7953317 is divided by 256.
165
What is the remainder when 667724 is divided by 26708?
24
Calculate the remainder when 71431022 is divided by 4072.
4070
What is the remainder when 18031153 is divided by 9?
4
Calculate the remainder when 5252246 is divided by 14671.
28
What is the remainder when 135797 is divided by 369?
5
Calculate the remainder when 64380131 is divided by 121932.
35
Calculate the remainder when 4914043 is divided by 187.
57
What is the remainder when 20829147 is divided by 10414565?
17
Calculate the remainder when 5402574 is divided by 1350643.
2
What is the remainder when 1962142 is divided by 22297?
6
What is the remainder when 7152786 is divided by 3496?
3466
Calculate the remainder when 24161258 is divided by 41.
40
What is the remainder when 33548174 is divided by 2025?
2024
Calculate the remainder when 657110 is divided by 6916.
90
What is the remainder when 280185 is divided by 4426?
1347
What is the remainder when 420625 is divided by 155?
110
Calculate the remainder when 6415202 is divided by 2138322.
236
What is the remainder when 4787713 is divided by 145082?
7
What is the remainder when 1678988 is divided by 966?
80
Calculate the remainder when 1228854 is divided by 8030.
264
What is the remainder when 1011926 is divided by 1011420?
506
Calculate the remainder when 24731 is divided by 811.
401
What is the remainder when 31945483 is divided by 56?
3
Calculate the remainder when 434635 is divided by 43463.
5
Calculate the remainder when 3581267 is divided by 251.
250
What is the remainder when 720494 is divided by 34303?
131
Calculate the remainder when 75894 is divided by 37648.
598
What is the remainder when 14465573 is divided by 6127?
5853
What is the remainder when 12876377 is divided by 4292122?
11
What is the remainder when 4179386 is divided by 1393119?
29
Calculate the remainder when 1269723 is divided by 6135.
5913
Calculate the remainder when 224858 is divided by 3612.
914
What is the remainder when 1142491 is divided by 5628?
7
What is the remainder when 101185552 is divided by 128?
16
What is the remainder when 158827272 is divided by 15?
12
What is the remainder when 20603 is divided by 1706?
131
Calculate the remainder when 10152688 is divided by 2109.
2071
Calculate the remainder when 1233001593 is divided by 1438.
1435
What is the remainder when 466813 is divided by 30?
13
What is the remainder when 2956342 is divided by 384?
310
Calculate the remainder when 4822161 is divided by 1835.
1616
What is the remainder when 7974822 is divided by 23?
9
What is the remainder when 689142 is divided by 86102?
326
What is the remainder when 1202101 is divided by 55?
21
Calculate the remainder when 116747 is divided by 28870.
1267
What is the remainder when 3178907 is divided by 12?
11
What is the remainder when 59650 is divided by 29502?
646
Calculate the remainder when 5045 is divided by 281.
268
What is the remainder when 1014212 is divided by 17486?
24
What is the remainder when 627133 is divided by 24110?
273
Calculate the remainder when 147800 is divided by 108.
56
What is the remainder when 1278381 is divided by 374?
49
Calculate the remainder when 367867 is divided by 153.
55
Calculate the remainder when 46861 is divided by 43167.
3694
What is the remainder when 63210094 is divided by 63210082?
12
Calculate the remainder when 23747 is divided by 6447.
4406
Calculate the remainder when 6882385 is divided by 2601.
139
What is the remainder when 56658350 is divided by 211?
208
What is the remainder when 30668 is divided by 7489?
712
Calculate the remainder when 829709 is divided by 3792.
3053
Calculate the remainder when 214049171 is divided by 1398.
1391
Calculate the remainder when 2458323 is divided by 490.
483
Calculate the remainder when 1125565 is divided by 39.
25
What is the remainder when 173012 is divided by 1860?
32
What is the remainder when 736710 is divided by 28333?
52
Calculate the remainder when 1752506 is divided by 350187.
1571
What is the remainder when 361650417 is divided by 581?
576
Calculate the remainder when 17041643 is divided by 21436.
23
What is the remainder when 5529952 is divided by 79?
31
Calculate the remainder when 137924806 is divided by 68.
66
What is the remainder when 222132 is divided by 111025?
82
Calculate the remainder when 1208807 is divided by 1090.
1087
What is the remainder when 449011828 is divided by 59?
57
What is the remainder when 10275289 is divided by 10275242?
47
What is the remainder when 27941355 is divided by 1907?
1898
Calculate the remainder when 13966298 is divided by 9342.
8
Calculate the remainder when 15372223 is divided by 549005.
83
Calculate the remainder when 4222622 is divided by 382.
376
What is the remainder when 223817 is divided by 2017?
1947
What is the remainder when 11110 is divided by 11092?
18
What is the remainder when 311684 is divided by 4900?
2984
What is the remainder when 3937763 is divided by 437527?
20
Calculate the remainder when 1362874 is divided by 30974.
18
Calculate the remainder when 476625 is divided by 119141.
61
Calculate the remainder when 2156577 is divided by 1432.
1417
Calculate the remainder when 56577261 is divided by 794.
791
Calculate the remainder when 257064742 is divided by 24.
22
What is the remainder when 5989934 is divided by 1996442?
608
Calculate the remainder when 10509844 is divided by 31.
7
Calculate the remainder when 90295 is divided by 199.
148
Calculate the remainder when 631269 is divided by 378.
9
What is the remainder when 70070536 is divided by 2559?
2557
Calculate the remainder when 4761189 is divided by 4761136.
53
What is the remainder when 9724896 is divided by 4862396?
104
What is the remainder when 5414064 is divided by 255?
159
Calculate the remainder when 41921 is divided by 1609.
87
What is the remainder when 1296989 is divided by 109?
107
Calculate the remainder when 1888253 is divided by 19466.
51
Calculate the remainder when 8710543 is divided by 4584